 + 4*j = 324. Is u a composite number?
False
Let r be 1 - (-3 + 1 + 14). Let f be 2/r - (-4)/22. Suppose f = s + 4*s - 185. Is s prime?
True
Let k(j) = 5 + 3*j**2 + 2*j**2 - j**2. Is k(4) a prime number?
False
Let l = 178 - -31. Suppose 0 = -2*v + 4*m + m + 418, 0 = v - 2*m - l. Suppose 3*p = 4*k + v, 2*p + 2*k - 203 = -73. Is p a composite number?
False
Let x(i) = 2*i**2 - 3*i. Let g be x(3). Let m = 0 - g. Is m*((-66)/(-9))/(-2) composite?
True
Is 0 - -1 - (-4 - 1618) a composite number?
True
Let k be (635/(-4))/((-4)/16). Suppose 0 = y + 4*y - k. Is y composite?
False
Let w = -8 + 4. Suppose 113 = -4*p - n, -p + 2*n = -2*p - 37. Let y = w - p. Is y composite?
False
Let m(c) = 57*c - 11. Is m(9) a prime number?
False
Let n(v) be the second derivative of 13*v**5 - v**4/6 + v**2/2 - 2*v. Is n(1) composite?
True
Suppose 2*w - 3*x - 535 + 156 = 0, w + 4*x = 173. Suppose -3*c + 208 = -w. Is c prime?
True
Suppose -k = 3 - 4. Is k/(531/265 - 2) a composite number?
True
Let x(j) = -j - 15. Let c be x(-11). Let z be (3 + -17)/(c/10). Let h = z - -14. Is h prime?
False
Let j = -307 + 1850. Is j composite?
False
Is 291 + (4 + -6)*-1 a prime number?
True
Let j = 1341 + -538. Is j prime?
False
Let h(p) = p**2 - 11*p + 2. Let v(x) = -2*x**2 + 21*x - 5. Let q(n) = -7*h(n) - 4*v(n). Suppose -2*c = 3*d - 24, 5*d - 3*c = 2*d + 24. Is q(d) prime?
False
Suppose 17 = p - 74. Suppose -4*s - 5*w + w + 176 = 0, -p = -2*s - 5*w. Is s a prime number?
True
Let d be (-16)/(-6)*(-9)/(-6). Suppose 6*w = d*w + 178. Is w a composite number?
False
Let t(c) = -10 + c**2 - 7*c + 0 - 3 + 0*c**2. Is t(11) a composite number?
False
Suppose 5*z - 5*n + 510 = 0, 0*z + 3*z - 2*n = -311. Let p = -70 - z. Suppose -4*o + 3*o = -p. Is o composite?
False
Let p(r) = 17*r + 12. Let f be p(-9). Suppose -2*g - 448 = -4*l, -4*g + 248 = -4*l + 1148. Let s = f - g. Is s a composite number?
True
Let b(w) = -w**2 + 6*w. Let m be b(6). Suppose 0 = -5*d - m*d + 75. Is d composite?
True
Let n(o) be the first derivative of o**4 - o**3/3 - o**2/2 - 3*o - 1. Let c be n(3). Suppose 3*i = 6*i - c. Is i prime?
True
Let j = -36 + 53. Let s = j + -8. Is s composite?
True
Suppose -m + 125 = r, -r + 755 = 5*m + 122. Is m prime?
True
Is 3456/63 + 2/14 prime?
False
Let g(a) = -2*a**3 + 2*a**2 - 5*a - 2. Let c be 7/(-3) + (-8)/12. Let m be g(c). Is (1/1)/(1/m) a prime number?
False
Let j(b) = -2*b. Let o be j(-2). Suppose 8 = -u + 4*w + 27, o*w + 47 = 5*u. Is u a prime number?
True
Suppose -3*j = -2*j - 6. Suppose -2*x + j = -12. Let w = x + -6. Is w composite?
False
Let d(l) = 4*l**2 - 4*l + 11. Let q be d(-12). Let g be q*(-3)/((-30)/4). Suppose -g = -2*m - 0*m. Is m prime?
True
Let l(j) = 46*j**2 - 15*j - 4. Is l(3) a prime number?
False
Let m = -152 + 311. Is m prime?
False
Suppose -6*n = -n - 635. Let k = -1 + 0. Is ((k - 0)*n)/(-1) prime?
True
Let j(p) = -p**3 - 6*p**2 - 5*p + 2. Let t be j(-5). Is (-1 - (t - 95)) + -1 prime?
False
Let b be ((-5)/(-10))/((-2)/(-1136)). Is b - (0 + 0 - 3) a composite number?
True
Suppose -w = 3*w + 5*a + 276, 0 = 3*a. Let r = 191 + w. Let v = r - 71. Is v a composite number?
True
Let p = 58 + -41. Suppose -4*i - 2*x - 10 = 48, -i - p = -2*x. Let o = 37 + i. Is o prime?
False
Let g be 4/(3 + (-267)/87). Suppose 4*h + 6 + 6 = 0. Let w = h - g. Is w prime?
False
Suppose -3*o + 2*o = 5*m - 221, 0 = 5*o + 5*m - 1065. Is o a prime number?
True
Let g(s) = -9 - 32*s - 41*s + 2. Let c be g(-7). Suppose 4*o + 140 = c. Is o prime?
False
Suppose 0 = -q + 3*q - 8. Is 76/(-6)*(q + -7) composite?
True
Let l(u) be the second derivative of 1/20*u**5 + 1/12*u**4 + 0 + 1/2*u**2 - u - 1/2*u**3. Is l(2) a prime number?
True
Let n = -68 - -280. Suppose n = 5*i - 3*z, -4*i - z = 2*z - 175. Let o = i + -4. Is o a prime number?
False
Let s be (3 + -24)/(6/40). Let u = 363 + s. Is u a prime number?
True
Suppose -3*h - 2*q - 8 = 2*q, -5*q = 10. Let z(a) = a**2 - a + 113. Is z(h) a composite number?
False
Let l be 2/4 - (-250)/(-4). Let q = l - -195. Is q prime?
False
Let x be (-549)/63 + (-4)/14. Let c(u) be the second derivative of -u**4/12 - 11*u**3/6 - 6*u**2 - u. Is c(x) a prime number?
False
Let l(h) = -h**2 - 8*h + 3. Suppose -4 = 4*k - 3*k - a, 4*k + 3*a = -30. Is l(k) prime?
False
Let x(h) = -h - 1. Let l be x(-2). Is (4 - l) + 95/5 prime?
False
Let y(w) = -w**2 - 8*w + 3. Let j be y(-8). Suppose 4*h - h = -4*x + 79, -3*x + 57 = j*h. Is x a prime number?
False
Let p be 2 + (442 + 0 - 2). Suppose l + l = p. Let i = l + -72. Is i composite?
False
Let o = -928 + 259. Let s = -338 - o. Is s a prime number?
True
Let c(t) = -t**2 - t + 6. Let w be c(0). Is (-37)/(-2)*(-4 + w) a prime number?
True
Let r = -7308 + 12567. Is r a prime number?
False
Let l(x) = x**3 + x**2 - x - 22. Let n be l(0). Is 8/44 - 282/n a composite number?
False
Let z be 180/22 - (-6)/(-33). Let j be ((-4)/z)/((-2)/36). Suppose k - 92 = -j. Is k prime?
True
Let h(m) = -m**2 + 6*m - 11. Let y be h(8). Let c = 13 + y. Let i = 49 + c. Is i a composite number?
True
Let y be 1 + (1 + 5)/3. Suppose -p + q = -y*q - 61, -3*p = -4*q - 215. Suppose 0 = -4*d + 3*l + p, -5*d - 6*l + 2*l + 135 = 0. Is d composite?
False
Is (-1)/(-5) + 2568/(-40)*-4 a composite number?
False
Let o(w) = 4192*w**3 - 5*w**2 + 2*w. Is o(1) composite?
True
Let q(a) = -a**3 + 5*a**2 - 4*a. Suppose -4*y + 9 = -y. Is q(y) a composite number?
True
Let n(o) be the second derivative of -91*o**5/20 + o**4/6 - o**2/2 - o. Let q be n(-1). Suppose 5*r - q = 78. Is r prime?
False
Let k be 20 - 9/(6 - 3). Let v = k + -38. Let q = v + 56. Is q a prime number?
False
Let m be 4/(-5) - 4/20. Let k be (-18)/((1 - m) + -3). Is k/(0 - (2 - 4)) a composite number?
True
Is 225 + (-7)/(14/8) a prime number?
False
Let o = 33 - 20. Is o/(2 + (-13)/7) composite?
True
Suppose 2*o + 2 = 4. Let h(x) = 23*x**2 + x - 1. Let q be h(o). Let v = -2 + q. Is v composite?
True
Let y = 6 - 3. Let x be 3 + 296 - (1 - 3). Suppose y*k - x = 44. Is k a prime number?
False
Let c(d) = d**3 + 1. Let v be c(1). Suppose v*f = f. Suppose -3*r - k + 176 = -f*k, 2*r - k = 119. Is r prime?
True
Let l(i) = -i**2 - i - 8. Let h be l(0). Let a(r) = 1 - r**3 + 2 - 10*r**2 + r**2 - 10*r. Is a(h) composite?
False
Suppose 4*u - 138 = 2*u. Let j = u + 26. Is j prime?
False
Let o(z) be the third derivative of -z**6/720 - z**5/120 - z**4/24 - z**2. Let v(u) be the second derivative of o(u). Is v(-8) prime?
True
Suppose 0 = 2*m - m - 5. Let y be (-16)/(-10) - (-2)/m. Is 1/(-2) - (-63)/y a prime number?
True
Is (-5)/15 - (4881/(-9) + 1) a prime number?
True
Suppose 5970 = 6*l - 0*l. Is l a prime number?
False
Let y be (-4)/18 - (2 + (-60)/27). Let h(o) = 2*o**2 - 2*o - 1. Let j be h(-1). Suppose -j*f + 1043 = 5*z - y*f, 3*z - 4*f = 649. Is z a prime number?
True
Let p(y) = y**2 - 1 - 9 + 77*y**3 + 9 + 77*y**3 + y. Is p(1) a composite number?
True
Suppose 0*s = -3*s + 15. Suppose -s*i - 4 = 1. Is i*(-53)/(-1)*-1 a composite number?
False
Let v(h) = 160*h**2 - 5*h - 1. Is v(-4) a composite number?
False
Let n = -254 - -658. Suppose n = 3*w - q, 0 = 6*q - 2*q + 20. Is w composite?
True
Let j(q) = -q**2 + 6*q - 13. Let z(n) = 3*n**2 - 19*n + 38. Let p(d) = -11*j(d) - 4*z(d). Let h be p(8). Let m(c) = 2*c**2 - 2*c - 5. Is m(h) prime?
True
Suppose 4*l = -m + 236, -3*l = -4*m + 5*m - 177. Is l a prime number?
True
Let s(u) = u**3 - 2*u**2 + 4*u - 2. Is s(3) composite?
False
Let m(j) = -56*j + 7. Let c be m(-11). Suppose 4*i - c = 3*b, -4*b = 3*i - i - 306. Is i composite?
True
Is 277/4 + 5/(-20) composite?
True
Let x(y) = y**2 + 5*y + 5. Let d be x(-7). Let c = d + -10. Is c composite?
True
Suppose 4*s - 534 = -2*i, 5*s - 532 = s - 4*i. Is s composite?
True
Let s be 1/(-3)*-3*1. Let n be 4/(s - (0 + 2)). Let y = 59 + n. Is y a prime number?
False
Let d(p) be the first derivative of -p**2/2 - 1. Suppose -y = 3*u + 6, -11 = 5*y - 2*u - 2*u. Is d(y) a composite number?
False
Let m be -2 + 0*(-2)/4. Let r be -2 + m/1 + -21. Let v = 13 - r. Is v prime?
False
Suppose 3*y = 2*y + 787. Is y a composite number?
False
Let t(o) = -o**3 - 2*o**2 + o. Let b be t(-2). Let h(y) = -22*y**2 + 1. Let k be h(b). Let v = -34 - k. Is v prime?
True
Suppose 0 = -2*l - 2*l. Suppose l = -b + 4*b - 102. Is b prime?
False
Suppose -7*b + 8*b = 55. Is 